
{"id":1466,"date":"2016-05-26T10:09:18","date_gmt":"2016-05-26T10:09:18","guid":{"rendered":"https:\/\/www.casasrurales.net\/blog\/politica-de-privacidad-y-cookies\/"},"modified":"2023-10-02T16:19:27","modified_gmt":"2023-10-02T16:19:27","slug":"politique-de-confidencialite-et-cookies","status":"publish","type":"page","link":"https:\/\/www.gites.net\/blog\/politique-de-confidencialite-et-cookies","title":{"rendered":"Politique de Confidencialit\u00e9 et Cookies"},"content":{"rendered":"<p align=\"justify\"><strong>1. <b>Politique de confidentialit\u00e9 et cookies<\/b>.<\/strong><\/p>\n<p align=\"justify\"><b>Traitement des donn\u00e9es personnelles<\/b><\/p>\n<p><span style=\"font-weight: 400;\">Gites.net (ci-apr\u00e8s d\u00e9nomm\u00e9 le site web) est propri\u00e9t\u00e9 exclusive du soci\u00e9t\u00e9 RuralRentals S.L (ci-apr\u00e8s d\u00e9nomm\u00e9 le propri\u00e9taire) avec domicile C\/Sauceda 10, 28050 Madrid (Espagne) avec le num\u00e9ro d\u2019identification fiscale B-87248290. Num\u00e9ro de t\u00e9l\u00e9phone : 9170907907 et email <\/span><a href=\"mailto:info@casasrurales.net\"><span style=\"font-weight: 400;\">info@gites.net<\/span><\/a><span style=\"font-weight: 400;\">.<\/span><\/p>\n<p align=\"justify\"><span style=\"font-weight: 400;\">Conform\u00e9ment aux dispositions de la loi organique 15\/1999 du 13 d\u00e9cembre sur la protection des donn\u00e9es \u00e0 caract\u00e8re personnel (LOPD), on vous informe que les donn\u00e9es personnelles et l\u2019information qui vous nous fournissez au moment de remplir toute forme \u00e9lectronique disponible sur le site web seront int\u00e9gr\u00e9 dans un fichier des donn\u00e9es personnelles, propri\u00e9t\u00e9 du propri\u00e9taire<\/span>.<\/p>\n<p align=\"justify\"><span style=\"font-weight: 400;\">Les donn\u00e9es recueillies seront trait\u00e9es aux fins suivantes : \u00e9tablir une relation des utilisateurs enregistr\u00e9s dans le site web afin de maintenir le contact commercial, ainsi que la d\u00e9marche et la r\u00e9alisation de statistiques et segmentation. L&rsquo;utilisateur autorise explicitement la communication ou le transfert de ses donn\u00e9es personnelles aux fournisseurs impliqu\u00e9s dans l&rsquo;offre et la fourniture de nos services, comme par exemple des fournisseurs, du hosting ou le service de messagerie afin d&rsquo;assurer la bonne ex\u00e9cution du service demand\u00e9<\/span>.<\/p>\n<p align=\"justify\"><span style=\"font-weight: 400;\">L\u2019utilisateur enregistr\u00e9 pourra recevoir automatiquement des publications et des communiqu\u00e9s commerciaux du site web, \u00e0 condition que l&rsquo;utilisateur accepte express\u00e9ment son consentement \u00e0 cette fin. L\u2019utilisateur pourra \u00e0 tout moment se d\u00e9sabonner de ces communiqu\u00e9s commerciaux p\u00e9riodiques via e-mail <a href=\"mailto:info@casasrurales.net\">info@gites.net<\/a>\u00a0en pr\u00e9cisant cette intention<\/span>.<\/p>\n<p align=\"justify\"><span style=\"font-weight: 400;\">Le propri\u00e9taire est responsable du fichier \u00e0 titre individuel et il s\u2019engage \u00e0 ne pas utiliser les donn\u00e9es dans un autre but que celui pour lequel elles ont \u00e9t\u00e9 recueillies, ni \u00e0 les transf\u00e9rer ill\u00e9gitimement \u00e0 des tiers. Il s\u2019engage \u00e9galement \u00e0 utiliser les donn\u00e9es personnelles de mani\u00e8re confidentielle et \u00e0 adopter des mesures de s\u00e9curit\u00e9 techniques et\/ou organisationnelles n\u00e9cessaires pour emp\u00eacher leur traitement ou leur acc\u00e8s non autoris\u00e9 conform\u00e9ment \u00e0 la r\u00e9glementation en vigueur en mati\u00e8re de protection des donn\u00e9es personnelle<\/span>s.<\/p>\n<p align=\"justify\"><span style=\"font-weight: 400;\">Les pr\u00e9sentes conditions g\u00e9n\u00e9rales sont susceptibles d&rsquo;\u00eatre modifi\u00e9es. 7 jours avant leur entr\u00e9e en vigueur, l&rsquo;utilisateur sera inform\u00e9 de ces changements via e-mail ou par un avis sur notre site web<\/span>.<\/p>\n<p align=\"justify\"><strong>Les Drois ARCO<\/strong><\/p>\n<p align=\"justify\"><span style=\"font-weight: 400;\">L\u2019utilisateur pourra gratuitement exercer ses droits d\u2019Acc\u00e8s, Rectification, Annulation et Opposition (droits A.R.A.O*<\/span><span style=\"font-weight: 400;\">)<\/span> <span style=\"font-weight: 400;\">conform\u00e9ment aux dispositions de la loi, en envoyant un e-mail \u00e0 l&rsquo;adresse suivante <a href=\"mailto:info@casasrurales.net\">info@gites.net<\/a>,<\/span> <span style=\"font-weight: 400;\">en pr\u00e9cisant dans les deux cas votre nom et votre pr\u00e9nom et en joignant une photocopie de votre carte d&rsquo;identit\u00e9. Vous pourrez \u00e9galement adresser une lettre \u00e0 notre adresse indiqu\u00e9e ci-dessus.<\/span><\/p>\n<p align=\"justify\"><span style=\"font-weight: 400;\">*En espa\u00f1ol derechos ARCO.<\/span><\/p>\n<p align=\"justify\"><strong>2. <b>Politique en mati\u00e8re de Cookies.<\/b><\/strong><\/p>\n<p><span style=\"font-weight: 400;\">Conform\u00e9ment aux dispositions de l&rsquo;article 22, paragraphe 2, le site web n&rsquo;utilisera que des dispositifs de stockage et d&rsquo;extraction de donn\u00e9es (Cookies) que lorsque l&rsquo;utilisateur aura donn\u00e9 son consentement \u00e0 cet effet,<\/span> <span style=\"font-weight: 400;\">en accord avec ce qui est indiqu\u00e9 dans les pop-up du navigateur de l\u2019utilisateur lors qu\u2019il acc\u00e8de pour la premi\u00e8re fois au site web et dans les conditions g\u00e9n\u00e9rales que chaque utilisateur doit conna\u00eetre.<\/span><\/p>\n<p><span style=\"font-weight: 400;\">Notre politique a pour but de vous aider \u00e0 comprendre notre utilisation des cookies, le but des cookies utilis\u00e9s et les options viables dont l&rsquo;utilisateur dispose pour les g\u00e9rer.<\/span> <span style=\"font-weight: 400;\">La politique en question est r\u00e9guli\u00e8rement mise \u00e0 jour.<\/span><\/p>\n<p><span style=\"font-weight: 400;\">Les utilisateurs peuvent constamment acc\u00e9der \u00e0 cette information moyennant le lien \u00ab Politique en mati\u00e8re de Cookies\u00a0\u00bb qui est activ\u00e9 sur le site web. Les utilisateurs peuvent modifier les pr\u00e9f\u00e9rences sur l\u2019acceptation des cookies par le navigateur. Dans la section sur \u00ab\u00a0Modifier la configuration des cookies\u00a0\u00bb vous trouverez plus d\u2019information.<\/span><\/p>\n<p align=\"justify\"><b>Quels sont les choix que je peux faire?<\/b><\/p>\n<p><span style=\"font-weight: 400;\">Il est possible d&rsquo;entreprendre les d\u00e9marches suivantes :<\/span><\/p>\n<p><span style=\"font-weight: 400;\">&#8211; Accepter des cookies\u00a0: l&rsquo;avertissement ne sera plus affich\u00e9 lors de l&rsquo;acc\u00e8s \u00e0 toute page du site.<\/span><\/p>\n<p><span style=\"font-weight: 400;\">&#8211; Ne rien faire\u00a0:<\/span> <span style=\"font-weight: 400;\">l&rsquo;avertissement sera toujours affich\u00e9 lors de l&rsquo;acc\u00e8s \u00e0 n&rsquo;importe quelle page du site. Si vous continuez \u00e0 naviguer, on consid\u00e8re que vous acceptez l&rsquo;utilisation de cookies.<\/span><\/p>\n<p><span style=\"font-weight: 400;\">&#8211; Modifier la configuration des cookies\u00a0:<\/span> <span style=\"font-weight: 400;\">Vous pouvez supprimer les cookies du site et modifier la configuration de votre navigation. Mais cela n&#8217;emp\u00eachera pas l&rsquo;affichage de l&rsquo;avertissement des cookies lorsque vous acc\u00e9derez \u00e0 nouveau au site web.<\/span><\/p>\n<p align=\"justify\"><strong><b>Qu\u2019est-ce que c\u2019est un cookie<\/b>?<\/strong><\/p>\n<p align=\"justify\"><span style=\"font-weight: 400;\">Un cookie est un petit fichier texte qui un site web stocke dans le navigateur de l\u2019utilisateur. Les cookies facilitent l&rsquo;utilisation et la navigation d&rsquo;un site web et sont essentiels pour le fonctionnement de l&rsquo;internet, car ils offrent d&rsquo;innombrables avantages dans la fourniture de services interactifs.<\/span><\/p>\n<p align=\"justify\"><span style=\"font-weight: 400;\">De cette mani\u00e8re, ils sont utilis\u00e9s pour g\u00e9rer la s\u00e9ance de l\u2019utilisateur (en r\u00e9duisant la fr\u00e9quence de saisie d&rsquo;une cl\u00e9) ou pour adapter aussi le contenu du site web \u00e0 vos pr\u00e9f\u00e9rences, entre autres fonctionnalit\u00e9s<\/span><\/p>\n<p align=\"justify\"><span style=\"font-weight: 400;\">Plus d\u2019information sur<\/span> <a href=\"https:\/\/es.m.wikipedia.org\/wiki\/Cookie_(inform\u00e1tica)\">https:\/\/es.m.wikipedia.org\/wiki\/Cookie_(inform\u00e1tica)<\/a><\/p>\n<p align=\"justify\">Sur<br \/>\n<a href=\"https:\/\/www.aepd.es\/documento\/guia-cookies.pdf\"><br \/>\n<u>gu\u00eda sobre el uso de cookies de la <span style=\"font-weight: 400;\">Agence espagnole de protection des donn\u00e9es<\/span><\/u><br \/>\n<\/a><br \/>\n<span style=\"font-weight: 400;\">les diff\u00e9rents types de cookies sont d\u00e9taill\u00e9s<\/span>.<\/p>\n<p align=\"justify\"><strong><b>Quels sont les types de cookies utilis\u00e9s<\/b>?<\/strong><\/p>\n<p align=\"justify\"><strong>1.-<\/strong><\/p>\n<p><span style=\"font-weight: 400;\">En fonction du responsable de leur gestion:<\/span><\/p>\n<p><span style=\"font-weight: 400;\">Les cookies propres\u00a0: ils sont envoy\u00e9s \u00e0 votre navigateur \u00e0 partir de nos ordinateurs ou domaines web et \u00e0 partir desquels le service demand\u00e9 est fourni.<\/span><\/p>\n<p align=\"justify\"><span style=\"font-weight: 400;\">Les cookies tiers\u00a0: ils sont envoy\u00e9s \u00e0<\/span> <span style=\"font-weight: 400;\">votre navigateur \u00e0 partir<\/span> <span style=\"font-weight: 400;\">d\u2019un ordinateur ou d\u2019un domaine web<\/span> <span style=\"font-weight: 400;\">qui n\u2019est pas g\u00e9r\u00e9 par nous, mais par une autre<\/span> <span style=\"font-weight: 400;\">entit\u00e9 collaboratrice comme Google Analytics. <\/span><\/p>\n<p align=\"justify\"><strong>2.-<\/strong><\/p>\n<p><span style=\"font-weight: 400;\">En fonction la p\u00e9riode d&rsquo;activit\u00e9:<\/span><\/p>\n<p><span style=\"font-weight: 400;\">Les cookies de session\u00a0: ils restent dans le fichier de cookies de votre navigateur jusqu&rsquo;\u00e0 ce que vous quittiez le site, de sorte qu&rsquo;il n&rsquo;en reste aucun sur votre appareil.<\/span><\/p>\n<p><span style=\"font-weight: 400;\">Les Cookies persistants\u00a0: ils restent sur votre appareil et notre site web les lit chaque fois que vous effectuez une nouvelle visite. Ces cookies cessent de fonctionner apr\u00e8s une certaine date.<\/span><\/p>\n<p align=\"justify\"><strong>3.-<\/strong><\/p>\n<p><span style=\"font-weight: 400;\">En fonction du but:<\/span><\/p>\n<p><span style=\"font-weight: 400;\">Les cookies techniques\u00a0: ils am\u00e9liorent la navigation et le bon fonctionnement de notre site web. Les cookies de personnalisation\u00a0: ils permettent l\u2019acc\u00e8s au service avec des caract\u00e9ristiques sp\u00e9cifiques en fonction d\u2019une s\u00e9rie de crit\u00e8res. Par exemple, ils sont utilis\u00e9s pour choisir la langue du site web.<\/span><\/p>\n<p><span style=\"font-weight: 400;\">Les cookies d\u2019analyse\u00a0: ils permettent de mesurer et d&rsquo;analyser par des statistiques l&rsquo;utilisation effectu\u00e9e du service fourni. Par exemple, ils sont utilis\u00e9s pour identifier les personnes qui visitent le site web.<\/span><\/p>\n<p align=\"justify\"><span style=\"font-weight: 400;\">Les Cookies qu\u2019on utilise<\/span>:<\/p>\n<table width=\"642\" cellspacing=\"0\" cellpadding=\"2\">\n<colgroup>\n<col width=\"217\" \/>\n<col width=\"110\" \/>\n<col width=\"302\" \/> <\/colgroup>\n<tbody>\n<tr valign=\"top\">\n<td width=\"217\">\n<p align=\"justify\"><b>Nom<\/b><b>\u00a0\u00a0\u00a0 <\/b><\/p>\n<\/td>\n<td width=\"110\">\n<p align=\"justify\"><b>Date d\u2019expiration<\/b><\/p>\n<\/td>\n<td width=\"302\"><b>Objectif<\/b><\/td>\n<\/tr>\n<tr valign=\"top\">\n<td width=\"217\">\n<p align=\"justify\">uvc<\/p>\n<\/td>\n<td width=\"110\">\n<p align=\"justify\"><span style=\"font-weight: 400;\">1 jour.<\/span><\/p>\n<\/td>\n<td rowspan=\"5\" width=\"302\">\n<p align=\"justify\"><span style=\"font-weight: 400;\">Partager du site web dans les r\u00e9seaux sociaux via\u00a0Addtoany et effectuer des analyses web avec Google\u00a0Analytics.\u00a0Ces cookies collectent des informations sur l\u2019activit\u00e9\u00a0des utilisateurs et pas leur identification personnelle .L\u2019information sur l\u2019origine des visites, mots cl\u00e9s, le\u00a0navigateur utilis\u00e9, etc. _ga est utilis\u00e9 pour distinguer les utilisateurs.<\/span><\/p>\n<p align=\"justify\">\n<\/td>\n<\/tr>\n<tr valign=\"top\">\n<td width=\"217\">\n<p align=\"justify\">__utma<\/p>\n<\/td>\n<td width=\"110\">\n<p align=\"justify\"><span style=\"font-weight: 400;\">2 ans.<\/span><\/p>\n<\/td>\n<\/tr>\n<tr valign=\"top\">\n<td width=\"217\">\n<p align=\"justify\">__utmb<\/p>\n<\/td>\n<td width=\"110\">\n<p align=\"justify\"><span style=\"font-weight: 400;\">30 minutes.<\/span><span style=\"font-weight: 400;\">\u00a0\u00a0\u00a0 <\/span><\/p>\n<\/td>\n<\/tr>\n<tr valign=\"top\">\n<td width=\"217\">\n<p align=\"justify\">__utmc<\/p>\n<\/td>\n<td width=\"110\">\n<p align=\"justify\"><span style=\"font-weight: 400;\">S\u00e9ance<\/span><span style=\"font-weight: 400;\">\u00a0\u00a0\u00a0 <\/span><\/p>\n<\/td>\n<\/tr>\n<tr valign=\"top\">\n<td width=\"217\">__utmz<\/p>\n<p>_ga<\/p>\n<p>_gat<\/td>\n<td width=\"110\">\n<p align=\"justify\"><span style=\"font-weight: 400;\">6 mois.<\/span><\/p>\n<p><span style=\"font-weight: 400;\">2 ans.<\/span><\/p>\n<p>10 minutes.<\/td>\n<\/tr>\n<tr valign=\"top\">\n<td width=\"217\">\n<p align=\"justify\">ipinfo<\/p>\n<\/td>\n<td width=\"110\">\n<p align=\"justify\">6 <span style=\"font-weight: 400;\">mois.<\/span><\/p>\n<\/td>\n<td rowspan=\"3\" width=\"302\">\n<p align=\"justify\"><span style=\"font-weight: 400;\">L\u2019analyse publicitaire avec Media6degrees<\/span>.<\/p>\n<p align=\"justify\"><span style=\"font-weight: 400;\">Les cookies collectent des informations<\/span><span style=\"font-weight: 400;\">\u00a0<\/span><span style=\"font-weight: 400;\">sur les\u00a0utilisateurs lors de l&rsquo;utilisation du bouton des r\u00e9seaux sociaux pour partager le contenu du site web.<\/span><\/p>\n<\/td>\n<\/tr>\n<tr valign=\"top\">\n<td width=\"217\">\n<p align=\"justify\">clid<\/p>\n<\/td>\n<td width=\"110\">\n<p align=\"justify\">6 <span style=\"font-weight: 400;\">mois.<\/span><\/p>\n<\/td>\n<\/tr>\n<tr valign=\"top\">\n<td width=\"217\">\n<p align=\"justify\">acs<\/p>\n<\/td>\n<td width=\"110\">\n<p align=\"justify\">6 <span style=\"font-weight: 400;\">mois.<\/span><\/p>\n<\/td>\n<\/tr>\n<\/tbody>\n<\/table>\n<p align=\"justify\"><span style=\"font-weight: 400;\">Tiers fournisseurs d\u2019un service dans notre domaine<\/span>:<\/p>\n<p align=\"justify\"><span style=\"font-weight: 400;\">Addtoany. C\u2019est un service fourni par addtonay.com et static.addtonay.com afin que les utilisateurs puissent facilement partager des informations provenant de sites web sur les r\u00e9seaux sociaux. Pour plus d&rsquo;informations, voir<\/span> <a href=\"https:\/\/www.addtoany.com\/privacy\"><span style=\"font-weight: 400;\">https:\/\/www.addtoany.com\/privacy<\/span><\/a><\/p>\n<p><span style=\"font-weight: 400;\">Google Analytics. C\u2019est une application de software de Google Inc. pour l\u2019analyse des sites web. Les cookies utilis\u00e9s collectent des donn\u00e9es anonymes sur la navigation des utilisateurs dans le web afin de conna\u00eetre l\u2019origine des visites, la fr\u00e9quence<\/span> <span style=\"font-weight: 400;\">de leurs visites sur le site web, les mots cl\u00e9s les plus utilis\u00e9es et d\u2019autres donn\u00e9es statistiques.\u00a0<\/span><span style=\"font-weight: 400;\">Plus d\u2019information sur<\/span> <a href=\"https:\/\/marketingplatform.google.com\/about\/analytics\/\">https:\/\/marketingplatform.google.com\/about\/analytics\/<\/a>.<\/p>\n<p align=\"justify\">Media6degrees. Il s&rsquo;agit d&rsquo;un fournisseur d&rsquo;analyse de la publicit\u00e9 en ligne \u00e0 travers les r\u00e9seaux sociaux. Collecte d&rsquo;informations sur l&rsquo;activit\u00e9 des utilisateurs sur le web \u00e0 des fins publicitaires.\u00a0<span style=\"font-weight: 400;\">Plus d\u2019information sur<\/span> <a href=\"https:\/\/dstillery.com\/privacy-policy\/\">https:\/\/dstillery.com\/privacy-policy\/<\/a>.<\/p>\n<p align=\"justify\"><strong><b>Modifier la configuraci\u00f3n de las cookies<\/b>.<\/strong><\/p>\n<p><span style=\"font-weight: 400;\">Vous pouvez restreindre, bloquer ou supprimer les cookies du site en d\u00e9finissant les pr\u00e9f\u00e9rences de votre navigateur. Vous pouvez \u00e9galement activer l&rsquo;option de navigation priv\u00e9e gr\u00e2ce \u00e0 laquelle votre navigateur cesse de stocker votre historique de navigation, vos cl\u00e9s secr\u00e8tes, les cookies et autres informations des sites web que vous visitez.<\/span><\/p>\n<p><span style=\"font-weight: 400;\">Chaque navigateur a des param\u00e8tres de cookies diff\u00e9rents, et la fonction \u00ab\u00a0aide\u00a0\u00bb vous indiquera comment proc\u00e9der. Toutefois, on vous fournit des liens directs vers les principaux navigateurs sur le sujet<\/span>:<\/p>\n<p><a href=\"http:\/\/windows.microsoft.com\/es-xl\/internet-explorer\/delete-manage-cookies#ie=ie-10\"><u>InternetExplorer<\/u><\/a><\/p>\n<p><a href=\"https:\/\/support.mozilla.org\/es\/kb\/Borrar%20cookies\"><u>FireFox<\/u><\/a><\/p>\n<p><a href=\"https:\/\/support.google.com\/chrome\/answer\/95647?hl=es\"><u>Chrome<\/u><\/a><\/p>\n<p><a href=\"https:\/\/support.apple.com\/es-es\/HT201265\"><u>Safari<\/u><\/a><\/p>\n<p align=\"justify\"><span style=\"font-weight: 400;\">Finalement, notez que le blocage des cookies peut affecter tout ou partie des fonctionnalit\u00e9s du site.<\/span><\/p>\n","protected":false},"excerpt":{"rendered":"<p>1. Politique de confidentialit\u00e9 et cookies. Traitement des donn\u00e9es personnelles Gites.net (ci-apr\u00e8s d\u00e9nomm\u00e9 le site web) est propri\u00e9t\u00e9 exclusive du soci\u00e9t\u00e9 RuralRentals S.L (ci-apr\u00e8s d\u00e9nomm\u00e9 le propri\u00e9taire) avec domicile C\/Sauceda 10, 28050 Madrid (Espagne) avec le num\u00e9ro d\u2019identification fiscale B-87248290.&hellip; <br \/><a class=\"read-more-button\" href=\"https:\/\/www.gites.net\/blog\/politique-de-confidencialite-et-cookies\">Savoir plus<\/a><\/p>\n","protected":false},"author":1,"featured_media":0,"parent":0,"menu_order":0,"comment_status":"closed","ping_status":"closed","template":"","meta":[],"_links":{"self":[{"href":"https:\/\/www.gites.net\/blog\/wp-json\/wp\/v2\/pages\/1466"}],"collection":[{"href":"https:\/\/www.gites.net\/blog\/wp-json\/wp\/v2\/pages"}],"about":[{"href":"https:\/\/www.gites.net\/blog\/wp-json\/wp\/v2\/types\/page"}],"author":[{"embeddable":true,"href":"https:\/\/www.gites.net\/blog\/wp-json\/wp\/v2\/users\/1"}],"replies":[{"embeddable":true,"href":"https:\/\/www.gites.net\/blog\/wp-json\/wp\/v2\/comments?post=1466"}],"version-history":[{"count":9,"href":"https:\/\/www.gites.net\/blog\/wp-json\/wp\/v2\/pages\/1466\/revisions"}],"predecessor-version":[{"id":10266,"href":"https:\/\/www.gites.net\/blog\/wp-json\/wp\/v2\/pages\/1466\/revisions\/10266"}],"wp:attachment":[{"href":"https:\/\/www.gites.net\/blog\/wp-json\/wp\/v2\/media?parent=1466"}],"curies":[{"name":"wp","href":"https:\/\/api.w.org\/{rel}","templated":true}]}}